e remainder when i is divided by 1/2 - (-1)/(-2)*-9?
3
What is the remainder when ((-17)/34)/((-20)/51528) + (-12)/(-15) is divided by 6?
5
Suppose -w - 2*f + 23 = 0, 49*w + 57 = 52*w + 2*f. Calculate the remainder when 70 is divided by w.
2
Let b(v) = -v**3 - 40*v**2 + 42*v + 69. What is the remainder when 920 is divided by b(-41)?
24
Let h = -24 - -41. What is the remainder when (38/13)/((-10)/(-455)) is divided by h?
14
Let z(c) = 6*c + 16. Let d be z(-2). Suppose -h = 3*g - 37 + 6, 5*g - d*h - 80 = 0. What is the remainder when 35/4*(-2 + 10) is divided by g?
10
Let s = -333 - -339. Suppose -s*i + 2058 = 576. Suppose 5*h = -5*x + 130, -2*h + 47 = 4*x + 5. What is the remainder when i is divided by h?
30
Let w = -20 - -15. Let v(u) = -u**3 - 5*u**2 - u. Suppose 25 = 5*g, 72 = 4*j + 4*g - 0*g. What is the remainder when j is divided by v(w)?
3
Let v = -32 + 16. Let s = v - -22. What is the remainder when -41*-14*6/84 is divided by s?
5
Let j(n) be the first derivative of -n**3/3 - 5*n**2 - 9*n - 4. What is the remainder when (-32)/56 + 33/(1386/2292) is divided by j(-6)?
9
Let w = -24 - -43. Suppose 4*s + 4*l = 2*s + 48, 0 = -2*l + 2. What is the remainder when w is divided by (4/4)/(2/s)?
8
Let r = -1380 - -2124. What is the remainder when r/16*(-1 - -3) is divided by 47?
46
Calculate the remainder when 1079 is divided by 5/(20/112)*(-1 + (-553)/(-49)).
215
Let b(v) = 4*v**2 - 7*v - 6. Suppose 0*m + c = m + 3, -m - 3*c + 5 = 0. Calculate the remainder when (-36)/(-2) + (-1 - -1) is divided by b(m).
3
Let d = 288 - 285. Suppose -8*a = -4*j - 6*a + 178, -206 = -5*j - d*a. Calculate the remainder when 85 is divided by j.
42
Let i = 13 - -4. Suppose -c - 4*w + 19 = 0, 3*c + 13*w - 18*w = 23. What is the remainder when i is divided by c?
6
Let d = 798 + -1155. Let o = 509 + d. What is the remainder when o is divided by 40?
32
Suppose 633*w + 4*i = 629*w + 3808, -972 = -w - 5*i. What is the remainder when w is divided by 52?
11
Suppose -25 = -5*g - 10. Suppose -3*z + 150 = -2*d, g*z + 3*d + d = 168. Suppose -10*i = -14*i + z. Calculate the remainder when i is divided by 5.
3
Let j be (4/(-7))/(16/(-224)). Suppose -2*s + 2 = -j. Calculate the remainder when 3612/30 + 3/s is divided by 41.
39
Suppose -5*g - 1057 = -4*c, 180 = 3*c + 2*g - 584. Suppose -4*w - 32 + 290 = q, -4*q = -2*w + 174. What is the remainder when c is divided by w?
57
Let i(y) = 5*y**3 + 3*y**2 - 3*y - 1. Let j be i(3). Suppose 0*s = 4*s - j. Suppose 2*m - 30 + 10 = 0. Calculate the remainder when s is divided by m.
8
Let a be 17/((4 + -9)/10). Let l(z) = -z**3 - 34*z**2 - 8*z - 72. Calculate the remainder when l(a) is divided by 51.
47
Suppose -3*g + d = -11, 2*g + 3*g - 2*d - 17 = 0. Suppose -g*c + k + 113 = -0*c, c - 27 = -2*k. What is the remainder when c is divided by 13?
10
Suppose -5*c + 8*c - 132 = 0. What is the remainder when 150 + (-60)/(-20) + -22 is divided by c?
43
Let x(v) = -v**3 + 14*v**2 - 13*v + 9. Let u be x(13). What is the remainder when 69 is divided by -5*2/6 - (-123)/u?
9
Let t be 7 + -3 - (3 + -5 + 227). Let s = -217 - t. What is the remainder when 21 is divided by s?
1
Let g(j) = 213*j + 71608. What is the remainder when (-4)/10 - (-252)/5 is divided by g(-336)?
10
Let c = -2084 - -2164. Calculate the remainder when 167 is divided by c.
7
Let r = 97 - 92. Suppose -v + r = 5*h, -v + 4 = -2*h - 15. Calculate the remainder when 44 is divided by v.
14
Suppose 130*y - 145*y + 2715 = 0. Calculate the remainder when 1782 is divided by y.
153
Let o = 179501 + -179462. Let y(m) = 4*m**2 + 4*m - 5. What is the remainder when y(-5) is divided by o?
36
Calculate the remainder when 576/(-3)*195/(-117) is divided by 17.
14
Suppose -5*r - x + 796 = 40, x - 300 = -2*r. Suppose -2*p + 188 = -r. Suppose -73*i - 30*i + 49*i + 2322 = 0. What is the remainder when p is divided by i?
41
Suppose 173*p - 1201 = -80 + 19639. Calculate the remainder when 1457 is divided by p.
17
Let v(n) = n**2 - 4. Let r be v(-8). Let l = -167 - -173. Suppose -4*b = l*b - r. What is the remainder when 25 is divided by b?
1
Suppose 116*m + 150 = 126*m. Suppose -m*o - 24*o + 819 = 0. What is the remainder when o is divided by 5?
1
Let k = -7331 + 7359. Calculate the remainder when 306 is divided by k.
26
Suppose -3*t + 64 = t. Let h be 2*-4 - (-1729)/19. Let s = 124 - h. What is the remainder when s is divided by t?
9
What is the remainder when 628 is divided by 794/4 + (1 - 9) + 168/16?
25
Let k(y) = 122*y**2 + 6*y + 15. Let z be k(-3). Let s = z + -759. Calculate the remainder when s is divided by 17.
13
Let d = 611 - 458. Suppose 12*x = 27 + d. Calculate the remainder when 24 is divided by x.
9
Suppose p + 5 = 3*i + 349, -5*i = 0. Let z = -321 + p. Calculate the remainder when 133 is divided by z.
18
Let v(z) = -z**2 - 24*z + 60. Suppose 0 = -6*a + 3*a + x - 68, 24 = -a + x. Calculate the remainder when v(a) is divided by 35.
34
Let t = -246 + 150. Let a = -1840 - -1873. Calculate the remainder when a is divided by t/(-9) + 2/(-3).
3
Let m = 19 - 11. Let r be m/(-16) + (-6)/(-4). Suppose -r = b - 4. Calculate the remainder when 13 is divided by b.
1
Suppose -3*w = 3*n - 93, -w - 4*n = w - 58. Suppose -4*c = 0, 4 - 52 = -4*i + 3*c. What is the remainder when w is divided by ((-27)/i)/(4 + (-67)/16)?
9
Suppose -2022 = 5*x - 2367. Suppose 5*n - 3*d - 283 + 21 = 0, 163 = 3*n + 4*d. Let z = x - n. Calculate the remainder when z is divided by 5.
1
Let k = 2896 - 2885. Suppose -j = 5*a - 3*a - 1163, 3*a = j + 1742. Calculate the remainder when a is divided by k.
9
Let h = 428 - 440. Let d(w) = -27*w - 319. Calculate the remainder when 13 is divided by d(h).
3
Suppose 2*l = -0*l + 5*w - 9, -5*w = -15. What is the remainder when 129 is divided by 2*(46/4 + l/2)?
25
Suppose -5*l - 33 = -4*m, 3*m + 12 = -5*l - 7. Suppose v = 4*g + 330, -6 = -m*v - v. Let j = 90 + g. Calculate the remainder when 47 is divided by j.
7
Let h = -32 + 8. Let m = h - -31. Let f(b) = b**3 + 8*b**2 - 11*b + 2. What is the remainder when f(-9) is divided by m?
6
Let y be ((-6)/(-4))/(6/16). Let b(z) = -6*z + 2 + 4 - 4*z - y*z. Calculate the remainder when 99 is divided by b(-2).
31
Let z(k) = k**3 + 7*k**2 - 5*k - 2. Calculate the remainder when -2 + (-327)/(-2) - -63*49/882 is divided by z(-6).
37
Let n(g) = -g**3 + 9*g**2 + 20*g - 8. What is the remainder when n(-9) is divided by 15?
10
Suppose 4*d + 4*r = -828, -d - 207 = 8*r - 3*r. Let h = d + 221. Calculate the remainder when 320 is divided by h.
12
Suppose v = 3*v + 5*n - 37, -139 = -4*v + 3*n. Suppose 0 = 21*f - 1381 - 530. What is the remainder when f is divided by v?
29
Suppose 0 = 5*h + 61 - 206. Suppose 95 = 2*l + 23. Let d = l - h. Calculate the remainder when 40 is divided by d.
5
Suppose -3*u + 4*q = -q - 103, 3*u = 4*q + 98. Suppose u*f + 28 = 27*f. Suppose 10*j - 14*j + f = 0. What is the remainder when 33 is divided by j?
5
Suppose -y + 2*w + 924 = 3*y, -2*y + 462 = 4*w. Suppose 89 = 10*d - y. Suppose -5 = -4*k + 15. Calculate the remainder when d is divided by k.
2
Suppose 9*a + 2109 + 4227 = 81*a. Calculate the remainder when 2197 is divided by a.
85
Let v(b) = -b**2 - 232*b - 8096. Calculate the remainder when 6508 is divided by v(-44).
172
Suppose 9*f + 3*f - 36 = 0. Suppose 4*k - 2*k = -d + 38, f*k = 3*d + 48. Suppose 5*t - 188 - 47 = 0. Calculate the remainder when t is divided by k.
11
Suppose -13*s + 20*s = 119. Suppose 0 = 12*n + s*n - 377. What is the remainder when 103 is divided by n?
12
Let r = -540 + 1000. Suppose 34*q = 11*q + r. What is the remainder when 169 is divided by q?
9
What is the remainder when (((-32)/50)/((-1)/(-5)))/(2/(-40)) is divided by 27?
10
Suppose -5*w + 12 = -w, c + 5*w - 15 = 0. Let x = 59 - c. What is the remainder when x is divided by 26?
7
Let x(b) = b**3 - 3*b**2 - 6*b + 6. Let n be x(4). Calculate the remainder when 144 + (-3)/(3/n) is divided by 4.
2
Suppose -5*x - 2*z + 170 = 0, 5*z + 100 = 5*x - 70. Suppose 5*d - 7 = 128. Suppose r - d = x. Calculate the remainder when r is divided by 21.
19
Suppose -2 + 5 = c. Suppose -c*a + 7 = -23. Let n(l) = 35650*l + 213907. What is the remainder when a is divided by n(-6)?
3
Let b = 1764 - 1742. What is the remainder when 85 is divided by b?
19
Let t(y) = -38*y**2 + 941*y 